{"version":"1.0","provider_name":"TIERHEIM MOERS","provider_url":"https:\/\/tierheim-moers.de\/Wordpress","author_name":"Kathrin Novotny","author_url":"https:\/\/tierheim-moers.de\/Wordpress\/author\/kathrin\/","title":"Alida ... Siamesin sucht ein Zuhause - Vermittelt 09.08.2024 | TIERHEIM MOERS","type":"rich","width":600,"height":338,"html":"<blockquote class=\"wp-embedded-content\" data-secret=\"TdPNFly4nW\"><a href=\"https:\/\/tierheim-moers.de\/Wordpress\/alida-noch-nicht-in-der-vermittlung\/\">Alida &#8230; Siamesin sucht ein Zuhause &#8211; Vermittelt 09.08.2024<\/a><\/blockquote><iframe sandbox=\"allow-scripts\" security=\"restricted\" src=\"https:\/\/tierheim-moers.de\/Wordpress\/alida-noch-nicht-in-der-vermittlung\/embed\/#?secret=TdPNFly4nW\" width=\"600\" height=\"338\" title=\"&#8222;Alida &#8230; Siamesin sucht ein Zuhause &#8211; Vermittelt 09.08.2024&#8220; &#8211; TIERHEIM MOERS\" data-secret=\"TdPNFly4nW\" frameborder=\"0\" marginwidth=\"0\" marginheight=\"0\" scrolling=\"no\" class=\"wp-embedded-content\"><\/iframe><script type=\"text\/javascript\">\n\/* <![CDATA[ *\/\n\/*! This file is auto-generated *\/\n!function(d,l){\"use strict\";l.querySelector&&d.addEventListener&&\"undefined\"!=typeof URL&&(d.wp=d.wp||{},d.wp.receiveEmbedMessage||(d.wp.receiveEmbedMessage=function(e){var t=e.data;if((t||t.secret||t.message||t.value)&&!\/[^a-zA-Z0-9]\/.test(t.secret)){for(var s,r,n,a=l.querySelectorAll('iframe[data-secret=\"'+t.secret+'\"]'),o=l.querySelectorAll('blockquote[data-secret=\"'+t.secret+'\"]'),c=new RegExp(\"^https?:$\",\"i\"),i=0;i<o.length;i++)o[i].style.display=\"none\";for(i=0;i<a.length;i++)s=a[i],e.source===s.contentWindow&&(s.removeAttribute(\"style\"),\"height\"===t.message?(1e3<(r=parseInt(t.value,10))?r=1e3:~~r<200&&(r=200),s.height=r):\"link\"===t.message&&(r=new URL(s.getAttribute(\"src\")),n=new URL(t.value),c.test(n.protocol))&&n.host===r.host&&l.activeElement===s&&(d.top.location.href=t.value))}},d.addEventListener(\"message\",d.wp.receiveEmbedMessage,!1),l.addEventListener(\"DOMContentLoaded\",function(){for(var e,t,s=l.querySelectorAll(\"iframe.wp-embedded-content\"),r=0;r<s.length;r++)(t=(e=s[r]).getAttribute(\"data-secret\"))||(t=Math.random().toString(36).substring(2,12),e.src+=\"#?secret=\"+t,e.setAttribute(\"data-secret\",t)),e.contentWindow.postMessage({message:\"ready\",secret:t},\"*\")},!1)))}(window,document);\n\/\/# sourceURL=https:\/\/tierheim-moers.de\/Wordpress\/wp-includes\/js\/wp-embed.min.js\n\/* ]]> *\/\n<\/script>\n","thumbnail_url":"https:\/\/tierheim-moers.de\/Wordpress\/wp-content\/uploads\/2024\/07\/20240726_153017-scaled.jpg","thumbnail_width":2560,"thumbnail_height":1841,"description":"04. August 2024 Alina konnte in dieser Woche ins Katzenhaus umziehen und ist damit auszugsbereit. Anderen Katzen gegen\u00fcber zeigt sie sich unauff\u00e4llig bis positiv. Wir gehen davon aus, dass sie andere Katzen kennt und k\u00f6nnen uns gut vorstellen, dass sie zu einer passenden Erstkatze ziehen kann. Bisher zeigt sie bei &#8230;"}

04. August 2024 Alina konnte in dieser Woche ins Katzenhaus umziehen und ist damit auszugsbereit. Anderen Katzen gegenüber zeigt sie sich unauffällig bis positiv. Wir gehen davon aus, dass sie andere Katzen kennt und können uns gut vorstellen, dass sie zu einer passenden Erstkatze ziehen kann. Bisher zeigt sie bei &#8230;
