{"version":"1.0","provider_name":"TIERHEIM MOERS","provider_url":"https:\/\/tierheim-moers.de\/Wordpress","author_name":"Kathrin Novotny","author_url":"https:\/\/tierheim-moers.de\/Wordpress\/author\/kathrin\/","title":"Amelie ... noch sehr versch\u00fcchtert - vermittelt 21.01.2023 mit Albert | TIERHEIM MOERS","type":"rich","width":600,"height":338,"html":"<blockquote class=\"wp-embedded-content\" data-secret=\"s5oVA6ZgGr\"><a href=\"https:\/\/tierheim-moers.de\/Wordpress\/amelie-noch-sehr-verschuechtert\/\">Amelie &#8230; noch sehr versch\u00fcchtert &#8211; vermittelt 21.01.2023 mit Albert<\/a><\/blockquote><iframe sandbox=\"allow-scripts\" security=\"restricted\" src=\"https:\/\/tierheim-moers.de\/Wordpress\/amelie-noch-sehr-verschuechtert\/embed\/#?secret=s5oVA6ZgGr\" width=\"600\" height=\"338\" title=\"&#8222;Amelie &#8230; noch sehr versch\u00fcchtert &#8211; vermittelt 21.01.2023 mit Albert&#8220; &#8211; TIERHEIM MOERS\" data-secret=\"s5oVA6ZgGr\" frameborder=\"0\" marginwidth=\"0\" marginheight=\"0\" scrolling=\"no\" class=\"wp-embedded-content\"><\/iframe><script type=\"text\/javascript\">\n\/* <![CDATA[ *\/\n\/*! This file is auto-generated *\/\n!function(d,l){\"use strict\";l.querySelector&&d.addEventListener&&\"undefined\"!=typeof URL&&(d.wp=d.wp||{},d.wp.receiveEmbedMessage||(d.wp.receiveEmbedMessage=function(e){var t=e.data;if((t||t.secret||t.message||t.value)&&!\/[^a-zA-Z0-9]\/.test(t.secret)){for(var s,r,n,a=l.querySelectorAll('iframe[data-secret=\"'+t.secret+'\"]'),o=l.querySelectorAll('blockquote[data-secret=\"'+t.secret+'\"]'),c=new RegExp(\"^https?:$\",\"i\"),i=0;i<o.length;i++)o[i].style.display=\"none\";for(i=0;i<a.length;i++)s=a[i],e.source===s.contentWindow&&(s.removeAttribute(\"style\"),\"height\"===t.message?(1e3<(r=parseInt(t.value,10))?r=1e3:~~r<200&&(r=200),s.height=r):\"link\"===t.message&&(r=new URL(s.getAttribute(\"src\")),n=new URL(t.value),c.test(n.protocol))&&n.host===r.host&&l.activeElement===s&&(d.top.location.href=t.value))}},d.addEventListener(\"message\",d.wp.receiveEmbedMessage,!1),l.addEventListener(\"DOMContentLoaded\",function(){for(var e,t,s=l.querySelectorAll(\"iframe.wp-embedded-content\"),r=0;r<s.length;r++)(t=(e=s[r]).getAttribute(\"data-secret\"))||(t=Math.random().toString(36).substring(2,12),e.src+=\"#?secret=\"+t,e.setAttribute(\"data-secret\",t)),e.contentWindow.postMessage({message:\"ready\",secret:t},\"*\")},!1)))}(window,document);\n\/\/# sourceURL=https:\/\/tierheim-moers.de\/Wordpress\/wp-includes\/js\/wp-embed.min.js\n\/* ]]> *\/\n<\/script>\n","thumbnail_url":"https:\/\/tierheim-moers.de\/Wordpress\/wp-content\/uploads\/2022\/11\/20221107_165802-scaled.jpg","thumbnail_width":2560,"thumbnail_height":1877,"description":"&nbsp; &nbsp; Amelie kam mit ihren (vermutlich) zwei Geschwistern zu uns ins Tierheim, wurde jedoch nicht vermisst. Inzwischen ist sie kastriert, geimpft und gechipt und bereit f\u00fcr ein neues Zuhause. Anders als Bruder Albert kann sie sich noch nicht richtig \u00fcberwinden, unsere N\u00e4he zu suchen &#8211; die Neugier steht ihr &#8230;"}

Amelie ... noch sehr verschüchtert - vermittelt 21.01.2023 mit Albert | TIERHEIM MOERS

<blockquote class="wp-embedded-content" data-secret="s5oVA6ZgGr"><a href="https://tierheim-moers.de/Wordpress/amelie-noch-sehr-verschuechtert/">Amelie &#8230; noch sehr verschüchtert &#8211; vermittelt 21.01.2023 mit Albert</a></blockquote><iframe sandbox="allow-scripts" security="restricted" src="https://tierheim-moers.de/Wordpress/amelie-noch-sehr-verschuechtert/embed/#?secret=s5oVA6ZgGr" width="600" height="338" title="&#8222;Amelie &#8230; noch sehr verschüchtert &#8211; vermittelt 21.01.2023 mit Albert&#8220; &#8211; TIERHEIM MOERS" data-secret="s5oVA6ZgGr" frameborder="0" marginwidth="0" marginheight="0" scrolling="no" class="wp-embedded-content"></iframe><script type="text/javascript">
/* <![CDATA[ */
/*! This file is auto-generated */
!function(d,l){"use strict";l.querySelector&&d.addEventListener&&"undefined"!=typeof URL&&(d.wp=d.wp||{},d.wp.receiveEmbedMessage||(d.wp.receiveEmbedMessage=function(e){var t=e.data;if((t||t.secret||t.message||t.value)&&!/[^a-zA-Z0-9]/.test(t.secret)){for(var s,r,n,a=l.querySelectorAll('iframe[data-secret="'+t.secret+'"]'),o=l.querySelectorAll('blockquote[data-secret="'+t.secret+'"]'),c=new RegExp("^https?:$","i"),i=0;i<o.length;i++)o[i].style.display="none";for(i=0;i<a.length;i++)s=a[i],e.source===s.contentWindow&&(s.removeAttribute("style"),"height"===t.message?(1e3<(r=parseInt(t.value,10))?r=1e3:~~r<200&&(r=200),s.height=r):"link"===t.message&&(r=new URL(s.getAttribute("src")),n=new URL(t.value),c.test(n.protocol))&&n.host===r.host&&l.activeElement===s&&(d.top.location.href=t.value))}},d.addEventListener("message",d.wp.receiveEmbedMessage,!1),l.addEventListener("DOMContentLoaded",function(){for(var e,t,s=l.querySelectorAll("iframe.wp-embedded-content"),r=0;r<s.length;r++)(t=(e=s[r]).getAttribute("data-secret"))||(t=Math.random().toString(36).substring(2,12),e.src+="#?secret="+t,e.setAttribute("data-secret",t)),e.contentWindow.postMessage({message:"ready",secret:t},"*")},!1)))}(window,document);
//# sourceURL=https://tierheim-moers.de/Wordpress/wp-includes/js/wp-embed.min.js
/* ]]> */
</script>

&nbsp; &nbsp; Amelie kam mit ihren (vermutlich) zwei Geschwistern zu uns ins Tierheim, wurde jedoch nicht vermisst. Inzwischen ist sie kastriert, geimpft und gechipt und bereit für ein neues Zuhause. Anders als Bruder Albert kann sie sich noch nicht richtig überwinden, unsere Nähe zu suchen &#8211; die Neugier steht ihr &#8230;
