{"version":"1.0","provider_name":"TIERHEIM MOERS","provider_url":"https:\/\/tierheim-moers.de\/Wordpress","author_name":"Kathrin Novotny","author_url":"https:\/\/tierheim-moers.de\/Wordpress\/author\/kathrin\/","title":"Amy - Lady in black, vermittelt 25.04.2020 | TIERHEIM MOERS","type":"rich","width":600,"height":338,"html":"<blockquote class=\"wp-embedded-content\" data-secret=\"PodvHstGAG\"><a href=\"https:\/\/tierheim-moers.de\/Wordpress\/amy-lady-in-black\/\">Amy &#8211; Lady in black, vermittelt 25.04.2020<\/a><\/blockquote><iframe sandbox=\"allow-scripts\" security=\"restricted\" src=\"https:\/\/tierheim-moers.de\/Wordpress\/amy-lady-in-black\/embed\/#?secret=PodvHstGAG\" width=\"600\" height=\"338\" title=\"&#8222;Amy &#8211; Lady in black, vermittelt 25.04.2020&#8220; &#8211; TIERHEIM MOERS\" data-secret=\"PodvHstGAG\" frameborder=\"0\" marginwidth=\"0\" marginheight=\"0\" scrolling=\"no\" class=\"wp-embedded-content\"><\/iframe><script type=\"text\/javascript\">\n\/* <![CDATA[ *\/\n\/*! This file is auto-generated *\/\n!function(d,l){\"use strict\";l.querySelector&&d.addEventListener&&\"undefined\"!=typeof URL&&(d.wp=d.wp||{},d.wp.receiveEmbedMessage||(d.wp.receiveEmbedMessage=function(e){var t=e.data;if((t||t.secret||t.message||t.value)&&!\/[^a-zA-Z0-9]\/.test(t.secret)){for(var s,r,n,a=l.querySelectorAll('iframe[data-secret=\"'+t.secret+'\"]'),o=l.querySelectorAll('blockquote[data-secret=\"'+t.secret+'\"]'),c=new RegExp(\"^https?:$\",\"i\"),i=0;i<o.length;i++)o[i].style.display=\"none\";for(i=0;i<a.length;i++)s=a[i],e.source===s.contentWindow&&(s.removeAttribute(\"style\"),\"height\"===t.message?(1e3<(r=parseInt(t.value,10))?r=1e3:~~r<200&&(r=200),s.height=r):\"link\"===t.message&&(r=new URL(s.getAttribute(\"src\")),n=new URL(t.value),c.test(n.protocol))&&n.host===r.host&&l.activeElement===s&&(d.top.location.href=t.value))}},d.addEventListener(\"message\",d.wp.receiveEmbedMessage,!1),l.addEventListener(\"DOMContentLoaded\",function(){for(var e,t,s=l.querySelectorAll(\"iframe.wp-embedded-content\"),r=0;r<s.length;r++)(t=(e=s[r]).getAttribute(\"data-secret\"))||(t=Math.random().toString(36).substring(2,12),e.src+=\"#?secret=\"+t,e.setAttribute(\"data-secret\",t)),e.contentWindow.postMessage({message:\"ready\",secret:t},\"*\")},!1)))}(window,document);\n\/\/# sourceURL=https:\/\/tierheim-moers.de\/Wordpress\/wp-includes\/js\/wp-embed.min.js\n\/* ]]> *\/\n<\/script>\n","description":"&nbsp; &#8230; genau genommen m\u00f6chte die 15 Monate alte Malinois-Labrador-Mischlings H\u00fcndin erst noch eine Lady werden &#8211; aktuell ist sie ein pubertierender Teenager auf der Suche nach Struktur. Die h\u00fcbsche H\u00fcndin ist ausgesprochen aktiv und reizempf\u00e4nglich. Auch wenn sie als sportlicher Hund eine k\u00f6rperliche Auslastung braucht, muss ein Schwerpunkt der &#8230;","thumbnail_url":"https:\/\/tierheim-moers.de\/Wordpress\/wp-content\/uploads\/2020\/03\/Amy5-scaled.jpg","thumbnail_width":2560,"thumbnail_height":1792}

&nbsp; &#8230; genau genommen möchte die 15 Monate alte Malinois-Labrador-Mischlings Hündin erst noch eine Lady werden &#8211; aktuell ist sie ein pubertierender Teenager auf der Suche nach Struktur. Die hübsche Hündin ist ausgesprochen aktiv und reizempfänglich. Auch wenn sie als sportlicher Hund eine körperliche Auslastung braucht, muss ein Schwerpunkt der &#8230;
