{"version":"1.0","provider_name":"TIERHEIM MOERS","provider_url":"https:\/\/tierheim-moers.de\/Wordpress","author_name":"Gisela Kuhnen","author_url":"https:\/\/tierheim-moers.de\/Wordpress\/author\/gisela-kuhnen\/","title":"Eumel ist jetzt schon der Chef | TIERHEIM MOERS","type":"rich","width":600,"height":338,"html":"<blockquote class=\"wp-embedded-content\" data-secret=\"r3uglpn2wh\"><a href=\"https:\/\/tierheim-moers.de\/Wordpress\/eumel-bietet-paroli\/\">Eumel ist jetzt schon der Chef<\/a><\/blockquote><iframe sandbox=\"allow-scripts\" security=\"restricted\" src=\"https:\/\/tierheim-moers.de\/Wordpress\/eumel-bietet-paroli\/embed\/#?secret=r3uglpn2wh\" width=\"600\" height=\"338\" title=\"&#8222;Eumel ist jetzt schon der Chef&#8220; &#8211; TIERHEIM MOERS\" data-secret=\"r3uglpn2wh\" frameborder=\"0\" marginwidth=\"0\" marginheight=\"0\" scrolling=\"no\" class=\"wp-embedded-content\"><\/iframe><script type=\"text\/javascript\">\n\/* <![CDATA[ *\/\n\/*! This file is auto-generated *\/\n!function(d,l){\"use strict\";l.querySelector&&d.addEventListener&&\"undefined\"!=typeof URL&&(d.wp=d.wp||{},d.wp.receiveEmbedMessage||(d.wp.receiveEmbedMessage=function(e){var t=e.data;if((t||t.secret||t.message||t.value)&&!\/[^a-zA-Z0-9]\/.test(t.secret)){for(var s,r,n,a=l.querySelectorAll('iframe[data-secret=\"'+t.secret+'\"]'),o=l.querySelectorAll('blockquote[data-secret=\"'+t.secret+'\"]'),c=new RegExp(\"^https?:$\",\"i\"),i=0;i<o.length;i++)o[i].style.display=\"none\";for(i=0;i<a.length;i++)s=a[i],e.source===s.contentWindow&&(s.removeAttribute(\"style\"),\"height\"===t.message?(1e3<(r=parseInt(t.value,10))?r=1e3:~~r<200&&(r=200),s.height=r):\"link\"===t.message&&(r=new URL(s.getAttribute(\"src\")),n=new URL(t.value),c.test(n.protocol))&&n.host===r.host&&l.activeElement===s&&(d.top.location.href=t.value))}},d.addEventListener(\"message\",d.wp.receiveEmbedMessage,!1),l.addEventListener(\"DOMContentLoaded\",function(){for(var e,t,s=l.querySelectorAll(\"iframe.wp-embedded-content\"),r=0;r<s.length;r++)(t=(e=s[r]).getAttribute(\"data-secret\"))||(t=Math.random().toString(36).substring(2,12),e.src+=\"#?secret=\"+t,e.setAttribute(\"data-secret\",t)),e.contentWindow.postMessage({message:\"ready\",secret:t},\"*\")},!1)))}(window,document);\n\/\/# sourceURL=https:\/\/tierheim-moers.de\/Wordpress\/wp-includes\/js\/wp-embed.min.js\n\/* ]]> *\/\n<\/script>\n","thumbnail_url":"https:\/\/tierheim-moers.de\/Wordpress\/wp-content\/uploads\/2020\/09\/eumel3-ausschnitt.jpg","thumbnail_width":396,"thumbnail_height":386,"description":"17.12.2020 &#8220;Hallo liebes Tierheim Team,\u00a0 unser L\u00fcmmel, \u00e4hhm Eumel f\u00fchlt sich total wohl bei uns. Wir hatten erst Bedenken, dass derKleine zu unserer dicken Zicken zieht. Mittlerweile ist er eigentlich der Chef. Danke f\u00fcr diesen bekloppten Welli. &#8221; Prima, dass sich alles geregelt hat. Euer Tierheimteam &nbsp; &nbsp; 13.09.2020 &#8220;Hallo &#8230;"}

17.12.2020 &#8220;Hallo liebes Tierheim Team,  unser Lümmel, ähhm Eumel fühlt sich total wohl bei uns. Wir hatten erst Bedenken, dass derKleine zu unserer dicken Zicken zieht. Mittlerweile ist er eigentlich der Chef. Danke für diesen bekloppten Welli. &#8221; Prima, dass sich alles geregelt hat. Euer Tierheimteam &nbsp; &nbsp; 13.09.2020 &#8220;Hallo &#8230;
