{"version":"1.0","provider_name":"TIERHEIM MOERS","provider_url":"https:\/\/tierheim-moers.de\/Wordpress","author_name":"Gisela Kuhnen","author_url":"https:\/\/tierheim-moers.de\/Wordpress\/author\/gisela-kuhnen\/","title":"Tara (bei uns Fritz) ... und Kumpel Sima haben einen Catwalk | TIERHEIM MOERS","type":"rich","width":600,"height":338,"html":"<blockquote class=\"wp-embedded-content\" data-secret=\"BEIVZlwk1q\"><a href=\"https:\/\/tierheim-moers.de\/Wordpress\/fritz-ist-jetzt-eine-tara\/\">Tara (bei uns Fritz) &#8230; und Kumpel Sima haben einen Catwalk<\/a><\/blockquote><iframe sandbox=\"allow-scripts\" security=\"restricted\" src=\"https:\/\/tierheim-moers.de\/Wordpress\/fritz-ist-jetzt-eine-tara\/embed\/#?secret=BEIVZlwk1q\" width=\"600\" height=\"338\" title=\"&#8222;Tara (bei uns Fritz) &#8230; und Kumpel Sima haben einen Catwalk&#8220; &#8211; TIERHEIM MOERS\" data-secret=\"BEIVZlwk1q\" frameborder=\"0\" marginwidth=\"0\" marginheight=\"0\" scrolling=\"no\" class=\"wp-embedded-content\"><\/iframe><script type=\"text\/javascript\">\n\/* <![CDATA[ *\/\n\/*! This file is auto-generated *\/\n!function(d,l){\"use strict\";l.querySelector&&d.addEventListener&&\"undefined\"!=typeof URL&&(d.wp=d.wp||{},d.wp.receiveEmbedMessage||(d.wp.receiveEmbedMessage=function(e){var t=e.data;if((t||t.secret||t.message||t.value)&&!\/[^a-zA-Z0-9]\/.test(t.secret)){for(var s,r,n,a=l.querySelectorAll('iframe[data-secret=\"'+t.secret+'\"]'),o=l.querySelectorAll('blockquote[data-secret=\"'+t.secret+'\"]'),c=new RegExp(\"^https?:$\",\"i\"),i=0;i<o.length;i++)o[i].style.display=\"none\";for(i=0;i<a.length;i++)s=a[i],e.source===s.contentWindow&&(s.removeAttribute(\"style\"),\"height\"===t.message?(1e3<(r=parseInt(t.value,10))?r=1e3:~~r<200&&(r=200),s.height=r):\"link\"===t.message&&(r=new URL(s.getAttribute(\"src\")),n=new URL(t.value),c.test(n.protocol))&&n.host===r.host&&l.activeElement===s&&(d.top.location.href=t.value))}},d.addEventListener(\"message\",d.wp.receiveEmbedMessage,!1),l.addEventListener(\"DOMContentLoaded\",function(){for(var e,t,s=l.querySelectorAll(\"iframe.wp-embedded-content\"),r=0;r<s.length;r++)(t=(e=s[r]).getAttribute(\"data-secret\"))||(t=Math.random().toString(36).substring(2,12),e.src+=\"#?secret=\"+t,e.setAttribute(\"data-secret\",t)),e.contentWindow.postMessage({message:\"ready\",secret:t},\"*\")},!1)))}(window,document);\n\/\/# sourceURL=https:\/\/tierheim-moers.de\/Wordpress\/wp-includes\/js\/wp-embed.min.js\n\/* ]]> *\/\n<\/script>\n","thumbnail_url":"https:\/\/tierheim-moers.de\/Wordpress\/wp-content\/uploads\/2019\/12\/fritz-tara5.jpg","thumbnail_width":640,"thumbnail_height":480,"description":"&nbsp; &nbsp; Januar 2024 Gr\u00fc\u00dfe von eurer Damaligen &#8220;Fritz&#8221; jetzt Tara&nbsp; &nbsp; &nbsp; Hallo liebes Tierheim Moers Mein Name ist Jasmin und wir haben uns damals ja F\u00fcr (Fritz) Tara entschieden und sie sich auch f\u00fcr uns Anfangs war sie sehr sehr scheu ,doch wir haben es tats\u00e4chlich geschafft ihr &#8230;"}

&nbsp; &nbsp; Januar 2024 Grüße von eurer Damaligen &#8220;Fritz&#8221; jetzt Tara&nbsp; &nbsp; &nbsp; Hallo liebes Tierheim Moers Mein Name ist Jasmin und wir haben uns damals ja Für (Fritz) Tara entschieden und sie sich auch für uns Anfangs war sie sehr sehr scheu ,doch wir haben es tatsächlich geschafft ihr &#8230;
