{"version":"1.0","provider_name":"TIERHEIM MOERS","provider_url":"https:\/\/tierheim-moers.de\/Wordpress","author_name":"Kathrin Novotny","author_url":"https:\/\/tierheim-moers.de\/Wordpress\/author\/kathrin\/","title":"Ted ... ein Senior ohne Schalld\u00e4mpfer - vermittelt 21.02.2025 | TIERHEIM MOERS","type":"rich","width":600,"height":338,"html":"<blockquote class=\"wp-embedded-content\" data-secret=\"3nPt15nYyO\"><a href=\"https:\/\/tierheim-moers.de\/Wordpress\/fundkater-aus-neukirchen-vluyn\/\">Ted &#8230; ein Senior ohne Schalld\u00e4mpfer &#8211; vermittelt 21.02.2025<\/a><\/blockquote><iframe sandbox=\"allow-scripts\" security=\"restricted\" src=\"https:\/\/tierheim-moers.de\/Wordpress\/fundkater-aus-neukirchen-vluyn\/embed\/#?secret=3nPt15nYyO\" width=\"600\" height=\"338\" title=\"&#8222;Ted &#8230; ein Senior ohne Schalld\u00e4mpfer &#8211; vermittelt 21.02.2025&#8220; &#8211; TIERHEIM MOERS\" data-secret=\"3nPt15nYyO\" frameborder=\"0\" marginwidth=\"0\" marginheight=\"0\" scrolling=\"no\" class=\"wp-embedded-content\"><\/iframe><script type=\"text\/javascript\">\n\/* <![CDATA[ *\/\n\/*! This file is auto-generated *\/\n!function(d,l){\"use strict\";l.querySelector&&d.addEventListener&&\"undefined\"!=typeof URL&&(d.wp=d.wp||{},d.wp.receiveEmbedMessage||(d.wp.receiveEmbedMessage=function(e){var t=e.data;if((t||t.secret||t.message||t.value)&&!\/[^a-zA-Z0-9]\/.test(t.secret)){for(var s,r,n,a=l.querySelectorAll('iframe[data-secret=\"'+t.secret+'\"]'),o=l.querySelectorAll('blockquote[data-secret=\"'+t.secret+'\"]'),c=new RegExp(\"^https?:$\",\"i\"),i=0;i<o.length;i++)o[i].style.display=\"none\";for(i=0;i<a.length;i++)s=a[i],e.source===s.contentWindow&&(s.removeAttribute(\"style\"),\"height\"===t.message?(1e3<(r=parseInt(t.value,10))?r=1e3:~~r<200&&(r=200),s.height=r):\"link\"===t.message&&(r=new URL(s.getAttribute(\"src\")),n=new URL(t.value),c.test(n.protocol))&&n.host===r.host&&l.activeElement===s&&(d.top.location.href=t.value))}},d.addEventListener(\"message\",d.wp.receiveEmbedMessage,!1),l.addEventListener(\"DOMContentLoaded\",function(){for(var e,t,s=l.querySelectorAll(\"iframe.wp-embedded-content\"),r=0;r<s.length;r++)(t=(e=s[r]).getAttribute(\"data-secret\"))||(t=Math.random().toString(36).substring(2,12),e.src+=\"#?secret=\"+t,e.setAttribute(\"data-secret\",t)),e.contentWindow.postMessage({message:\"ready\",secret:t},\"*\")},!1)))}(window,document);\n\/\/# sourceURL=https:\/\/tierheim-moers.de\/Wordpress\/wp-includes\/js\/wp-embed.min.js\n\/* ]]> *\/\n<\/script>\n","thumbnail_url":"https:\/\/tierheim-moers.de\/Wordpress\/wp-content\/uploads\/2025\/02\/Ted7-scaled.jpg","thumbnail_width":2560,"thumbnail_height":1743,"description":"Ted ist nun schon seit zwei Monaten bei uns und musste einige Untersuchungen und Behandlungen \u00fcber sich ergehen lassen, ehe er nun bereit f\u00fcr ein neues Zuhause ist. Sein wahres Alter hat uns der verschmuste Zausel nicht verraten, aber wir w\u00fcrden ihn einfach mal sehr charmant als \u00dc15 einstufen &#8230; &#8230;"}

Ted ... ein Senior ohne Schalldämpfer - vermittelt 21.02.2025 | TIERHEIM MOERS

<blockquote class="wp-embedded-content" data-secret="3nPt15nYyO"><a href="https://tierheim-moers.de/Wordpress/fundkater-aus-neukirchen-vluyn/">Ted &#8230; ein Senior ohne Schalldämpfer &#8211; vermittelt 21.02.2025</a></blockquote><iframe sandbox="allow-scripts" security="restricted" src="https://tierheim-moers.de/Wordpress/fundkater-aus-neukirchen-vluyn/embed/#?secret=3nPt15nYyO" width="600" height="338" title="&#8222;Ted &#8230; ein Senior ohne Schalldämpfer &#8211; vermittelt 21.02.2025&#8220; &#8211; TIERHEIM MOERS" data-secret="3nPt15nYyO" frameborder="0" marginwidth="0" marginheight="0" scrolling="no" class="wp-embedded-content"></iframe><script type="text/javascript">
/* <![CDATA[ */
/*! This file is auto-generated */
!function(d,l){"use strict";l.querySelector&&d.addEventListener&&"undefined"!=typeof URL&&(d.wp=d.wp||{},d.wp.receiveEmbedMessage||(d.wp.receiveEmbedMessage=function(e){var t=e.data;if((t||t.secret||t.message||t.value)&&!/[^a-zA-Z0-9]/.test(t.secret)){for(var s,r,n,a=l.querySelectorAll('iframe[data-secret="'+t.secret+'"]'),o=l.querySelectorAll('blockquote[data-secret="'+t.secret+'"]'),c=new RegExp("^https?:$","i"),i=0;i<o.length;i++)o[i].style.display="none";for(i=0;i<a.length;i++)s=a[i],e.source===s.contentWindow&&(s.removeAttribute("style"),"height"===t.message?(1e3<(r=parseInt(t.value,10))?r=1e3:~~r<200&&(r=200),s.height=r):"link"===t.message&&(r=new URL(s.getAttribute("src")),n=new URL(t.value),c.test(n.protocol))&&n.host===r.host&&l.activeElement===s&&(d.top.location.href=t.value))}},d.addEventListener("message",d.wp.receiveEmbedMessage,!1),l.addEventListener("DOMContentLoaded",function(){for(var e,t,s=l.querySelectorAll("iframe.wp-embedded-content"),r=0;r<s.length;r++)(t=(e=s[r]).getAttribute("data-secret"))||(t=Math.random().toString(36).substring(2,12),e.src+="#?secret="+t,e.setAttribute("data-secret",t)),e.contentWindow.postMessage({message:"ready",secret:t},"*")},!1)))}(window,document);
//# sourceURL=https://tierheim-moers.de/Wordpress/wp-includes/js/wp-embed.min.js
/* ]]> */
</script>

Ted ist nun schon seit zwei Monaten bei uns und musste einige Untersuchungen und Behandlungen über sich ergehen lassen, ehe er nun bereit für ein neues Zuhause ist. Sein wahres Alter hat uns der verschmuste Zausel nicht verraten, aber wir würden ihn einfach mal sehr charmant als Ü15 einstufen &#8230; &#8230;
