{"version":"1.0","provider_name":"TIERHEIM MOERS","provider_url":"https:\/\/tierheim-moers.de\/Wordpress","author_name":"Kathrin Novotny","author_url":"https:\/\/tierheim-moers.de\/Wordpress\/author\/kathrin\/","title":"Mattek ... hat die B\u00fchne betreten - vermittelt 17.03.2026 | TIERHEIM MOERS","type":"rich","width":600,"height":338,"html":"<blockquote class=\"wp-embedded-content\" data-secret=\"03OqXshqDn\"><a href=\"https:\/\/tierheim-moers.de\/Wordpress\/mattek-liebt-verstecke\/\">Mattek &#8230; hat die B\u00fchne betreten &#8211; vermittelt 17.03.2026<\/a><\/blockquote><iframe sandbox=\"allow-scripts\" security=\"restricted\" src=\"https:\/\/tierheim-moers.de\/Wordpress\/mattek-liebt-verstecke\/embed\/#?secret=03OqXshqDn\" width=\"600\" height=\"338\" title=\"&#8222;Mattek &#8230; hat die B\u00fchne betreten &#8211; vermittelt 17.03.2026&#8220; &#8211; TIERHEIM MOERS\" data-secret=\"03OqXshqDn\" frameborder=\"0\" marginwidth=\"0\" marginheight=\"0\" scrolling=\"no\" class=\"wp-embedded-content\"><\/iframe><script type=\"text\/javascript\">\n\/* <![CDATA[ *\/\n\/*! This file is auto-generated *\/\n!function(d,l){\"use strict\";l.querySelector&&d.addEventListener&&\"undefined\"!=typeof URL&&(d.wp=d.wp||{},d.wp.receiveEmbedMessage||(d.wp.receiveEmbedMessage=function(e){var t=e.data;if((t||t.secret||t.message||t.value)&&!\/[^a-zA-Z0-9]\/.test(t.secret)){for(var s,r,n,a=l.querySelectorAll('iframe[data-secret=\"'+t.secret+'\"]'),o=l.querySelectorAll('blockquote[data-secret=\"'+t.secret+'\"]'),c=new RegExp(\"^https?:$\",\"i\"),i=0;i<o.length;i++)o[i].style.display=\"none\";for(i=0;i<a.length;i++)s=a[i],e.source===s.contentWindow&&(s.removeAttribute(\"style\"),\"height\"===t.message?(1e3<(r=parseInt(t.value,10))?r=1e3:~~r<200&&(r=200),s.height=r):\"link\"===t.message&&(r=new URL(s.getAttribute(\"src\")),n=new URL(t.value),c.test(n.protocol))&&n.host===r.host&&l.activeElement===s&&(d.top.location.href=t.value))}},d.addEventListener(\"message\",d.wp.receiveEmbedMessage,!1),l.addEventListener(\"DOMContentLoaded\",function(){for(var e,t,s=l.querySelectorAll(\"iframe.wp-embedded-content\"),r=0;r<s.length;r++)(t=(e=s[r]).getAttribute(\"data-secret\"))||(t=Math.random().toString(36).substring(2,12),e.src+=\"#?secret=\"+t,e.setAttribute(\"data-secret\",t)),e.contentWindow.postMessage({message:\"ready\",secret:t},\"*\")},!1)))}(window,document);\n\/\/# sourceURL=https:\/\/tierheim-moers.de\/Wordpress\/wp-includes\/js\/wp-embed.min.js\n\/* ]]> *\/\n<\/script>\n","thumbnail_url":"https:\/\/tierheim-moers.de\/Wordpress\/wp-content\/uploads\/2026\/02\/Mattek-scaled.jpg","thumbnail_width":2560,"thumbnail_height":1792,"description":"Februar 2026 Eine ganze Zeit hat Mattek das Treiben in seinem Katzenzimmer nur aus sicheren Verstecken heraus beobachtet, bis er sich entschieden hat, den Raum und vor allem den Au\u00dfenbereich mit &#8220;mehr Mattek&#8221; zu f\u00fcllen. Inzwischen ist er nicht nur sehr pr\u00e4sent, sondern auch gerne alleine im Rampenlicht. Mitbewohner, die &#8230;"}

Mattek ... hat die Bühne betreten - vermittelt 17.03.2026 | TIERHEIM MOERS

<blockquote class="wp-embedded-content" data-secret="03OqXshqDn"><a href="https://tierheim-moers.de/Wordpress/mattek-liebt-verstecke/">Mattek &#8230; hat die Bühne betreten &#8211; vermittelt 17.03.2026</a></blockquote><iframe sandbox="allow-scripts" security="restricted" src="https://tierheim-moers.de/Wordpress/mattek-liebt-verstecke/embed/#?secret=03OqXshqDn" width="600" height="338" title="&#8222;Mattek &#8230; hat die Bühne betreten &#8211; vermittelt 17.03.2026&#8220; &#8211; TIERHEIM MOERS" data-secret="03OqXshqDn" frameborder="0" marginwidth="0" marginheight="0" scrolling="no" class="wp-embedded-content"></iframe><script type="text/javascript">
/* <![CDATA[ */
/*! This file is auto-generated */
!function(d,l){"use strict";l.querySelector&&d.addEventListener&&"undefined"!=typeof URL&&(d.wp=d.wp||{},d.wp.receiveEmbedMessage||(d.wp.receiveEmbedMessage=function(e){var t=e.data;if((t||t.secret||t.message||t.value)&&!/[^a-zA-Z0-9]/.test(t.secret)){for(var s,r,n,a=l.querySelectorAll('iframe[data-secret="'+t.secret+'"]'),o=l.querySelectorAll('blockquote[data-secret="'+t.secret+'"]'),c=new RegExp("^https?:$","i"),i=0;i<o.length;i++)o[i].style.display="none";for(i=0;i<a.length;i++)s=a[i],e.source===s.contentWindow&&(s.removeAttribute("style"),"height"===t.message?(1e3<(r=parseInt(t.value,10))?r=1e3:~~r<200&&(r=200),s.height=r):"link"===t.message&&(r=new URL(s.getAttribute("src")),n=new URL(t.value),c.test(n.protocol))&&n.host===r.host&&l.activeElement===s&&(d.top.location.href=t.value))}},d.addEventListener("message",d.wp.receiveEmbedMessage,!1),l.addEventListener("DOMContentLoaded",function(){for(var e,t,s=l.querySelectorAll("iframe.wp-embedded-content"),r=0;r<s.length;r++)(t=(e=s[r]).getAttribute("data-secret"))||(t=Math.random().toString(36).substring(2,12),e.src+="#?secret="+t,e.setAttribute("data-secret",t)),e.contentWindow.postMessage({message:"ready",secret:t},"*")},!1)))}(window,document);
//# sourceURL=https://tierheim-moers.de/Wordpress/wp-includes/js/wp-embed.min.js
/* ]]> */
</script>

Februar 2026 Eine ganze Zeit hat Mattek das Treiben in seinem Katzenzimmer nur aus sicheren Verstecken heraus beobachtet, bis er sich entschieden hat, den Raum und vor allem den Außenbereich mit &#8220;mehr Mattek&#8221; zu füllen. Inzwischen ist er nicht nur sehr präsent, sondern auch gerne alleine im Rampenlicht. Mitbewohner, die &#8230;
