{"id":44,"date":"2014-04-17T11:39:19","date_gmt":"2014-04-17T09:39:19","guid":{"rendered":"http:\/\/tierheim-moers.de\/Wordpress\/?page_id=44"},"modified":"2023-01-31T13:08:31","modified_gmt":"2023-01-31T11:08:31","slug":"vermittlungs-infos","status":"publish","type":"page","link":"https:\/\/tierheim-moers.de\/Wordpress\/vermittlungs-infos\/","title":{"rendered":"Vermittlungs-Infos"},"content":{"rendered":"<p>Liebe Interessenten,<\/p>\n<p>wir freuen uns sehr \u00fcber Ihr Interesse an unseren Tieren. Da wir weiterhin ausschlie\u00dflich mit Einzelterminen arbeiten, beginnt jede Vermittlung mit einem telefonischen Erstgespr\u00e4ch. Wenn die Vorstellungen der Interessenten und die Bed\u00fcrfnisse des Tieres zueinander passen, kann ein Termin vereinbart werden.<\/p>\n<p>Leider erhalten wir sehr viele Anrufe au\u00dferhalb unserer Sprechzeiten. Diese Anrufe werden automatisch an die notdienstliche Tierrettung weitergeleitet! Diese k\u00f6nnen keine Ausk\u00fcnfte zu unseren Tieren oder betriebsinternen Informationen erteilen.<\/p>\n<p>F\u00fcr Fragen zu unseren Tieren und zur Tiervermittlung erreichen Sie unsere <strong>Tierpfleger<\/strong> telefonisch unter 02841-21202 wie folgt:<\/p>\n<ul>\n<li>Montag bis Freitag 14.00 bis 17.00 Uhr<br \/>\nSamstag 13.00 bis 16.00 Uhr<\/li>\n<\/ul>\n<p><em>Wir bitten Sie, sich an die Telefonzeiten zu halten, da unsere Tierpfleger morgens unsere Tiere versorgen und daher telefonisch nicht zu erreichen sind.<\/em><\/p>\n<p>F\u00fcr Fragen zu Vereinsangelegenheiten erreichen Sie unsere <strong>Gesch\u00e4ftsstellenleitung<\/strong> Frau Bartsch telefonisch unter 02841 21202 wie folgt:<\/p>\n<ul>\n<li>Montag bis Freitag 08.00 bis 11.00 Uhr<\/li>\n<\/ul>\n<p><strong>WICHTIG!!<\/strong><br \/>\nF\u00fcr Meldungen zur Abholung von Fundtieren aus Neukirchen-Vluyn stehen wir Ihnen selbstverst\u00e4ndlich wie bisher jederzeit zur Verf\u00fcgung.<\/p>\n<p>&nbsp;<\/p>\n<p><a href=\"https:\/\/tierheim-moers.de\/Wordpress\/wp-content\/uploads\/2014\/04\/tierheim-eingang.jpg\"><img fetchpriority=\"high\" decoding=\"async\" class=\"alignnone size-medium wp-image-338\" src=\"https:\/\/tierheim-moers.de\/Wordpress\/wp-content\/uploads\/2014\/04\/tierheim-eingang-300x200.jpg\" alt=\"\" width=\"300\" height=\"200\" srcset=\"https:\/\/tierheim-moers.de\/Wordpress\/wp-content\/uploads\/2014\/04\/tierheim-eingang-300x200.jpg 300w, https:\/\/tierheim-moers.de\/Wordpress\/wp-content\/uploads\/2014\/04\/tierheim-eingang-700x466.jpg 700w, https:\/\/tierheim-moers.de\/Wordpress\/wp-content\/uploads\/2014\/04\/tierheim-eingang.jpg 720w\" sizes=\"(max-width: 300px) 100vw, 300px\" \/><\/a><\/p>\n<p style=\"text-align: left;\"><strong>Bevor Sie ein Tier bei sich aufnehmen<\/strong>, bedenken Sie bitte: Der wichtigste Punkt, \u00fcber den Sie sich im Klaren sein sollten, ist, dass Sie kein Spielzeug erwerben, sondern ein Lebewesen, das nach M\u00f6glichkeit den Rest seines Lebens in Ihrer Gemeinschaft verbringen soll. Unsere Mitarbeiter beraten Sie gerne ausf\u00fchrlich zu den einzelnen Tierarten und ihren Haltungsanforderungen.&nbsp;Wir kennen unsere Tiere im Normalfall recht gut, bitte ber\u00fccksichtigen Sie aber, dass Sie ein Tier immer in der &#8220;Sondersituation Tierheim&#8221; kennen lernen. Wie sich ein Tier nach der Eingew\u00f6hnungszeit bei Ihnen zuhause geben wird, kann Ihnen niemand mit Sicherheit sagen. Wir versuchen, alle unsere Tiere auf gute Pl\u00e4tze zu vermitteln, wo sie bis zu ihrem Lebensende respektiert und verantwortungsvoll betreut werden.<\/p>\n<p style=\"text-align: left;\"><strong><span style=\"color: #ff9900;\">Folgende \u00dcberlegungen sollten Sie also bereits vor der Aufnahme eines Tieres angestellt haben.<\/span><\/strong><\/p>\n<p style=\"text-align: left;\">In der Familie steht nach reiflicher \u00dcberlegung fest, dass ein Tier aufgenommen werden soll. Neben Punkten wie Tierhaarallergie, Unterbringung im Urlaub, Zeit f\u00fcr das Tier und nat\u00fcrlich auch dem finanziellen Hintergrund wurden abgekl\u00e4rt:<\/p>\n<ol style=\"text-align: left;\">\n<li>Erlaubt mein Mietvertrag die Haltung eines Tieres?<\/li>\n<li>Kann ich meinem Tier eine artgerechte Haltung bzw. gen\u00fcgend Raum bieten?<\/li>\n<li>Sind alle in meinem Haushalt lebenden Personen mit einem Tier einverstanden?<\/li>\n<li>Sie haben sich nach reiflicher \u00dcberlegung dazu entschlossen, ein Tier in die Verantwortung Ihres Kindes zu geben. Sind Sie aber auch dazu bereit, diese Verantwortung selbst zu \u00fcbernehmen, wenn der Spr\u00f6ssling irgendwann einmal andere Interessen entwickelt?<\/li>\n<li>Habe ich gen\u00fcgend Zeit f\u00fcr das Tier? (Welpen z.B. sollten nicht l\u00e4ngere Zeit alleine sein)<\/li>\n<li>Bin ich auf Dauer bereit, meinem Hund regelm\u00e4\u00dfig &#8211; auch bei Wind und Wetter &#8211; Bewegungsm\u00f6glichkeiten zu schaffen, d.h. Gassigehen oder gar ausgedehnte Spazierg\u00e4nge?<\/li>\n<li>Habe ich jemanden, der das Tier versorgt, wenn ich im <a title=\"Tier-Infos\" href=\"http:\/\/tierheim-moers.de\/Wordpress\/tiere\/tier-infos\/#katzenbetreuung\" target=\"_blank\" rel=\"noopener noreferrer\">Urlaub<\/a> bin? (Das Tierheim bietet Ihnen gerne befristete Pensionspl\u00e4tze)<\/li>\n<li>Bin ich bereit, durch das Tier verursachten Staub und Schmutz in Kauf zu nehmen?<\/li>\n<li>Kann ich \u00fcber eventuelle Kratzspuren und Tierhaare an M\u00f6beln und Polstern hinwegsehen?<\/li>\n<li>Bin ich mir dar\u00fcber im Klaren, dass eine Katze nicht nur einmal einen Blumentopf vom Fensterbrett werfen kann?<\/li>\n<li>Hat die Katze in meiner Wohnung gen\u00fcgend Bewegungsfreiheit und nach M\u00f6glichkeit einen mit Netz und Drahtgeflecht gesicherten Balkon?<\/li>\n<li>Bin ich bereit und in der Lage, monatlich einen unter Umst\u00e4nden nicht unerheblichen Betrag f\u00fcr Futter und m\u00f6gliche Nebenkosten (z.B. <a title=\"Tier-Infos\" href=\"http:\/\/tierheim-moers.de\/Wordpress\/tiere\/tier-infos\/#steuer\" target=\"_blank\" rel=\"noopener noreferrer\">Hundesteuer<\/a>, Versicherung) auszugeben?<\/li>\n<li>Habe ich das finanzielle Polster f\u00fcr die unter Umst\u00e4nden anfallenden \u2013 m\u00f6glicherweise auch h\u00f6heren \u2013 Tierarztkosten im Falle einer Erkrankung oder eines Unfalls? (Eine Operation mit Nachsorge kann bei Hunden und Katzen schnell einmal 600 EUR oder mehr kosten)<\/li>\n<\/ol>\n<p style=\"text-align: left;\">Wer ein Tier zu sich nach Hause holen m\u00f6chte, sollte jeden dieser Punkte mit einem klaren JA beantworten k\u00f6nnen. Falls ein oder zwei Fragen Probleme aufwerfen k\u00f6nnten, sollte man von der Anschaffung eines Tieres Abstand nehmen.<\/p>\n<p style=\"text-align: left;\">Nicht zuletzt im Interesse unserer Tiere beraten wir Sie gerne!<br \/>\nIhr Tierheim-Team<\/p>\n<div class=\"shariff shariff-align-flex-start shariff-widget-align-center\" data-url=\"https%3A%2F%2Ftierheim-moers.de%2FWordpress%2Fvermittlungs-infos%2F\" data-timestamp=\"1675170511\" data-hidezero=\"1\" data-backendurl=\"https:\/\/tierheim-moers.de\/Wordpress\/wp-json\/shariff\/v1\/share_counts?\"><ul class=\"shariff-buttons theme-round orientation-horizontal buttonsize-small\"><li class=\"shariff-button facebook shariff-nocustomcolor\" style=\"background-color:#4273c8\"><a href=\"https:\/\/www.facebook.com\/sharer\/sharer.php?u=https%3A%2F%2Ftierheim-moers.de%2FWordpress%2Fvermittlungs-infos%2F\" title=\"Bei Facebook teilen\" aria-label=\"Bei Facebook teilen\" role=\"button\" rel=\"nofollow\" class=\"shariff-link\" style=\"; background-color:#3b5998; color:#fff\" target=\"_blank\"><span class=\"shariff-icon\" style=\"\"><svg width=\"32px\" height=\"20px\" xmlns=\"http:\/\/www.w3.org\/2000\/svg\" viewBox=\"0 0 18 32\"><path fill=\"#3b5998\" d=\"M17.1 0.2v4.7h-2.8q-1.5 0-2.1 0.6t-0.5 1.9v3.4h5.2l-0.7 5.3h-4.5v13.6h-5.5v-13.6h-4.5v-5.3h4.5v-3.9q0-3.3 1.9-5.2t5-1.8q2.6 0 4.1 0.2z\"\/><\/svg><\/span><\/a><\/li><li class=\"shariff-button twitter shariff-nocustomcolor\" style=\"background-color:#595959\"><a href=\"https:\/\/twitter.com\/share?url=https%3A%2F%2Ftierheim-moers.de%2FWordpress%2Fvermittlungs-infos%2F&text=Vermittlungs-Infos\" title=\"Bei X teilen\" aria-label=\"Bei X teilen\" role=\"button\" rel=\"noopener nofollow\" class=\"shariff-link\" style=\"; background-color:#000; color:#fff\" target=\"_blank\"><span class=\"shariff-icon\" style=\"\"><svg width=\"32px\" height=\"20px\" xmlns=\"http:\/\/www.w3.org\/2000\/svg\" viewBox=\"0 0 24 24\"><path fill=\"#000\" d=\"M14.258 10.152L23.176 0h-2.113l-7.747 8.813L7.133 0H0l9.352 13.328L0 23.973h2.113l8.176-9.309 6.531 9.309h7.133zm-2.895 3.293l-.949-1.328L2.875 1.56h3.246l6.086 8.523.945 1.328 7.91 11.078h-3.246zm0 0\"\/><\/svg><\/span><\/a><\/li><li class=\"shariff-button whatsapp shariff-nocustomcolor\" style=\"background-color:#5cbe4a\"><a href=\"https:\/\/api.whatsapp.com\/send?text=https%3A%2F%2Ftierheim-moers.de%2FWordpress%2Fvermittlungs-infos%2F%20Vermittlungs-Infos\" title=\"Bei Whatsapp teilen\" aria-label=\"Bei Whatsapp teilen\" role=\"button\" rel=\"noopener nofollow\" class=\"shariff-link\" style=\"; background-color:#34af23; color:#fff\" target=\"_blank\"><span class=\"shariff-icon\" style=\"\"><svg width=\"32px\" height=\"20px\" xmlns=\"http:\/\/www.w3.org\/2000\/svg\" viewBox=\"0 0 32 32\"><path fill=\"#34af23\" d=\"M17.6 17.4q0.2 0 1.7 0.8t1.6 0.9q0 0.1 0 0.3 0 0.6-0.3 1.4-0.3 0.7-1.3 1.2t-1.8 0.5q-1 0-3.4-1.1-1.7-0.8-3-2.1t-2.6-3.3q-1.3-1.9-1.3-3.5v-0.1q0.1-1.6 1.3-2.8 0.4-0.4 0.9-0.4 0.1 0 0.3 0t0.3 0q0.3 0 0.5 0.1t0.3 0.5q0.1 0.4 0.6 1.6t0.4 1.3q0 0.4-0.6 1t-0.6 0.8q0 0.1 0.1 0.3 0.6 1.3 1.8 2.4 1 0.9 2.7 1.8 0.2 0.1 0.4 0.1 0.3 0 1-0.9t0.9-0.9zM14 26.9q2.3 0 4.3-0.9t3.6-2.4 2.4-3.6 0.9-4.3-0.9-4.3-2.4-3.6-3.6-2.4-4.3-0.9-4.3 0.9-3.6 2.4-2.4 3.6-0.9 4.3q0 3.6 2.1 6.6l-1.4 4.2 4.3-1.4q2.8 1.9 6.2 1.9zM14 2.2q2.7 0 5.2 1.1t4.3 2.9 2.9 4.3 1.1 5.2-1.1 5.2-2.9 4.3-4.3 2.9-5.2 1.1q-3.5 0-6.5-1.7l-7.4 2.4 2.4-7.2q-1.9-3.2-1.9-6.9 0-2.7 1.1-5.2t2.9-4.3 4.3-2.9 5.2-1.1z\"\/><\/svg><\/span><\/a><\/li><li class=\"shariff-button sms shariff-nocustomcolor shariff-mobile\" style=\"background-color:#d7d9d8\"><a href=\"sms:?&body=https%3A%2F%2Ftierheim-moers.de%2FWordpress%2Fvermittlungs-infos%2F\" title=\"Per SMS teilen\" aria-label=\"Per SMS teilen\" role=\"button\" rel=\"noopener nofollow\" class=\"shariff-link\" style=\"; background-color:#a1e877; color:#fff\" target=\"_blank\"><span class=\"shariff-icon\" style=\"\"><svg xmlns=\"http:\/\/www.w3.org\/2000\/svg\" width=\"510\" height=\"510\" viewBox=\"0 0 510 510\"><path fill=\"#a1e877\" d=\"M459 0H51C23 0 0 23 0 51v459l102-102h357c28.1 0 51-22.9 51-51V51C510 23 487.1 0 459 0zM178.5 229.5h-51v-51h51V229.5zM280.5 229.5h-51v-51h51V229.5zM382.5 229.5h-51v-51h51V229.5z\"\/><\/svg><\/span><\/a><\/li><\/ul><\/div>","protected":false},"excerpt":{"rendered":"<p>Liebe Interessenten, wir freuen uns sehr \u00fcber Ihr Interesse an unseren Tieren. Da wir weiterhin ausschlie\u00dflich mit Einzelterminen arbeiten, beginnt jede Vermittlung mit einem telefonischen Erstgespr\u00e4ch. Wenn die Vorstellungen der Interessenten und die Bed\u00fcrfnisse des Tieres zueinander passen, kann ein Termin vereinbart werden. Leider erhalten wir sehr viele Anrufe au\u00dferhalb &#8230;<\/p>\n","protected":false},"author":2,"featured_media":0,"parent":0,"menu_order":0,"comment_status":"closed","ping_status":"open","template":"","meta":{"ngg_post_thumbnail":0,"footnotes":""},"class_list":["post-44","page","type-page","status-publish","hentry","column","threecol"],"yoast_head":"<!-- This site is optimized with the Yoast SEO plugin v24.6 - https:\/\/yoast.com\/wordpress\/plugins\/seo\/ -->\n<title>Vermittlungs-Infos | TIERHEIM MOERS<\/title>\n<meta name=\"robots\" content=\"index, follow, max-snippet:-1, max-image-preview:large, max-video-preview:-1\" \/>\n<link rel=\"canonical\" href=\"https:\/\/tierheim-moers.de\/Wordpress\/vermittlungs-infos\/\" \/>\n<meta property=\"og:locale\" content=\"de_DE\" \/>\n<meta property=\"og:type\" content=\"article\" \/>\n<meta property=\"og:title\" content=\"Vermittlungs-Infos | TIERHEIM MOERS\" \/>\n<meta property=\"og:description\" content=\"Liebe Interessenten, wir freuen uns sehr \u00fcber Ihr Interesse an unseren Tieren. Da wir weiterhin ausschlie\u00dflich mit Einzelterminen arbeiten, beginnt jede Vermittlung &#8230;\" \/>\n<meta property=\"og:url\" content=\"https:\/\/tierheim-moers.de\/Wordpress\/vermittlungs-infos\/\" \/>\n<meta property=\"og:site_name\" content=\"TIERHEIM MOERS\" \/>\n<meta property=\"article:publisher\" content=\"https:\/\/de-de.facebook.com\/moers.tierheim\" \/>\n<meta property=\"article:modified_time\" content=\"2023-01-31T11:08:31+00:00\" \/>\n<meta property=\"og:image\" content=\"https:\/\/tierheim-moers.de\/Wordpress\/wp-content\/uploads\/2014\/04\/tierheim-eingang-300x200.jpg\" \/>\n<meta name=\"twitter:card\" content=\"summary_large_image\" \/>\n<meta name=\"twitter:label1\" content=\"Gesch\u00e4tzte Lesezeit\" \/>\n\t<meta name=\"twitter:data1\" content=\"4\u00a0Minuten\" \/>\n<script type=\"application\/ld+json\" class=\"yoast-schema-graph\">{\"@context\":\"https:\/\/schema.org\",\"@graph\":[{\"@type\":\"WebPage\",\"@id\":\"https:\/\/tierheim-moers.de\/Wordpress\/vermittlungs-infos\/\",\"url\":\"https:\/\/tierheim-moers.de\/Wordpress\/vermittlungs-infos\/\",\"name\":\"Vermittlungs-Infos | TIERHEIM MOERS\",\"isPartOf\":{\"@id\":\"https:\/\/tierheim-moers.de\/Wordpress\/#website\"},\"primaryImageOfPage\":{\"@id\":\"https:\/\/tierheim-moers.de\/Wordpress\/vermittlungs-infos\/#primaryimage\"},\"image\":{\"@id\":\"https:\/\/tierheim-moers.de\/Wordpress\/vermittlungs-infos\/#primaryimage\"},\"thumbnailUrl\":\"https:\/\/tierheim-moers.de\/Wordpress\/wp-content\/uploads\/2014\/04\/tierheim-eingang-300x200.jpg\",\"datePublished\":\"2014-04-17T09:39:19+00:00\",\"dateModified\":\"2023-01-31T11:08:31+00:00\",\"breadcrumb\":{\"@id\":\"https:\/\/tierheim-moers.de\/Wordpress\/vermittlungs-infos\/#breadcrumb\"},\"inLanguage\":\"de\",\"potentialAction\":[{\"@type\":\"ReadAction\",\"target\":[\"https:\/\/tierheim-moers.de\/Wordpress\/vermittlungs-infos\/\"]}]},{\"@type\":\"ImageObject\",\"inLanguage\":\"de\",\"@id\":\"https:\/\/tierheim-moers.de\/Wordpress\/vermittlungs-infos\/#primaryimage\",\"url\":\"https:\/\/tierheim-moers.de\/Wordpress\/wp-content\/uploads\/2014\/04\/tierheim-eingang.jpg\",\"contentUrl\":\"https:\/\/tierheim-moers.de\/Wordpress\/wp-content\/uploads\/2014\/04\/tierheim-eingang.jpg\",\"width\":720,\"height\":480},{\"@type\":\"BreadcrumbList\",\"@id\":\"https:\/\/tierheim-moers.de\/Wordpress\/vermittlungs-infos\/#breadcrumb\",\"itemListElement\":[{\"@type\":\"ListItem\",\"position\":1,\"name\":\"Startseite\",\"item\":\"https:\/\/tierheim-moers.de\/Wordpress\/\"},{\"@type\":\"ListItem\",\"position\":2,\"name\":\"Vermittlungs-Infos\"}]},{\"@type\":\"WebSite\",\"@id\":\"https:\/\/tierheim-moers.de\/Wordpress\/#website\",\"url\":\"https:\/\/tierheim-moers.de\/Wordpress\/\",\"name\":\"Tierheim Moers\",\"description\":\"Tierheim | Hundepension | Tierschutz | Moers\",\"publisher\":{\"@id\":\"https:\/\/tierheim-moers.de\/Wordpress\/#organization\"},\"potentialAction\":[{\"@type\":\"SearchAction\",\"target\":{\"@type\":\"EntryPoint\",\"urlTemplate\":\"https:\/\/tierheim-moers.de\/Wordpress\/?s={search_term_string}\"},\"query-input\":{\"@type\":\"PropertyValueSpecification\",\"valueRequired\":true,\"valueName\":\"search_term_string\"}}],\"inLanguage\":\"de\"},{\"@type\":\"Organization\",\"@id\":\"https:\/\/tierheim-moers.de\/Wordpress\/#organization\",\"name\":\"Tierheim Moers\",\"url\":\"https:\/\/tierheim-moers.de\/Wordpress\/\",\"logo\":{\"@type\":\"ImageObject\",\"inLanguage\":\"de\",\"@id\":\"https:\/\/tierheim-moers.de\/Wordpress\/#\/schema\/logo\/image\/\",\"url\":\"https:\/\/tierheim-moers.de\/Wordpress\/wp-content\/uploads\/2014\/04\/Logo-TSV-Moers-V01-RGB-300.png\",\"contentUrl\":\"https:\/\/tierheim-moers.de\/Wordpress\/wp-content\/uploads\/2014\/04\/Logo-TSV-Moers-V01-RGB-300.png\",\"width\":1052,\"height\":1038,\"caption\":\"Tierheim Moers\"},\"image\":{\"@id\":\"https:\/\/tierheim-moers.de\/Wordpress\/#\/schema\/logo\/image\/\"},\"sameAs\":[\"https:\/\/de-de.facebook.com\/moers.tierheim\"]}]}<\/script>\n<!-- \/ Yoast SEO plugin. -->","yoast_head_json":{"title":"Vermittlungs-Infos | TIERHEIM MOERS","robots":{"index":"index","follow":"follow","max-snippet":"max-snippet:-1","max-image-preview":"max-image-preview:large","max-video-preview":"max-video-preview:-1"},"canonical":"https:\/\/tierheim-moers.de\/Wordpress\/vermittlungs-infos\/","og_locale":"de_DE","og_type":"article","og_title":"Vermittlungs-Infos | TIERHEIM MOERS","og_description":"Liebe Interessenten, wir freuen uns sehr \u00fcber Ihr Interesse an unseren Tieren. Da wir weiterhin ausschlie\u00dflich mit Einzelterminen arbeiten, beginnt jede Vermittlung &#8230;","og_url":"https:\/\/tierheim-moers.de\/Wordpress\/vermittlungs-infos\/","og_site_name":"TIERHEIM MOERS","article_publisher":"https:\/\/de-de.facebook.com\/moers.tierheim","article_modified_time":"2023-01-31T11:08:31+00:00","og_image":[{"url":"https:\/\/tierheim-moers.de\/Wordpress\/wp-content\/uploads\/2014\/04\/tierheim-eingang-300x200.jpg","type":"","width":"","height":""}],"twitter_card":"summary_large_image","twitter_misc":{"Gesch\u00e4tzte Lesezeit":"4\u00a0Minuten"},"schema":{"@context":"https:\/\/schema.org","@graph":[{"@type":"WebPage","@id":"https:\/\/tierheim-moers.de\/Wordpress\/vermittlungs-infos\/","url":"https:\/\/tierheim-moers.de\/Wordpress\/vermittlungs-infos\/","name":"Vermittlungs-Infos | TIERHEIM MOERS","isPartOf":{"@id":"https:\/\/tierheim-moers.de\/Wordpress\/#website"},"primaryImageOfPage":{"@id":"https:\/\/tierheim-moers.de\/Wordpress\/vermittlungs-infos\/#primaryimage"},"image":{"@id":"https:\/\/tierheim-moers.de\/Wordpress\/vermittlungs-infos\/#primaryimage"},"thumbnailUrl":"https:\/\/tierheim-moers.de\/Wordpress\/wp-content\/uploads\/2014\/04\/tierheim-eingang-300x200.jpg","datePublished":"2014-04-17T09:39:19+00:00","dateModified":"2023-01-31T11:08:31+00:00","breadcrumb":{"@id":"https:\/\/tierheim-moers.de\/Wordpress\/vermittlungs-infos\/#breadcrumb"},"inLanguage":"de","potentialAction":[{"@type":"ReadAction","target":["https:\/\/tierheim-moers.de\/Wordpress\/vermittlungs-infos\/"]}]},{"@type":"ImageObject","inLanguage":"de","@id":"https:\/\/tierheim-moers.de\/Wordpress\/vermittlungs-infos\/#primaryimage","url":"https:\/\/tierheim-moers.de\/Wordpress\/wp-content\/uploads\/2014\/04\/tierheim-eingang.jpg","contentUrl":"https:\/\/tierheim-moers.de\/Wordpress\/wp-content\/uploads\/2014\/04\/tierheim-eingang.jpg","width":720,"height":480},{"@type":"BreadcrumbList","@id":"https:\/\/tierheim-moers.de\/Wordpress\/vermittlungs-infos\/#breadcrumb","itemListElement":[{"@type":"ListItem","position":1,"name":"Startseite","item":"https:\/\/tierheim-moers.de\/Wordpress\/"},{"@type":"ListItem","position":2,"name":"Vermittlungs-Infos"}]},{"@type":"WebSite","@id":"https:\/\/tierheim-moers.de\/Wordpress\/#website","url":"https:\/\/tierheim-moers.de\/Wordpress\/","name":"Tierheim Moers","description":"Tierheim | Hundepension | Tierschutz | Moers","publisher":{"@id":"https:\/\/tierheim-moers.de\/Wordpress\/#organization"},"potentialAction":[{"@type":"SearchAction","target":{"@type":"EntryPoint","urlTemplate":"https:\/\/tierheim-moers.de\/Wordpress\/?s={search_term_string}"},"query-input":{"@type":"PropertyValueSpecification","valueRequired":true,"valueName":"search_term_string"}}],"inLanguage":"de"},{"@type":"Organization","@id":"https:\/\/tierheim-moers.de\/Wordpress\/#organization","name":"Tierheim Moers","url":"https:\/\/tierheim-moers.de\/Wordpress\/","logo":{"@type":"ImageObject","inLanguage":"de","@id":"https:\/\/tierheim-moers.de\/Wordpress\/#\/schema\/logo\/image\/","url":"https:\/\/tierheim-moers.de\/Wordpress\/wp-content\/uploads\/2014\/04\/Logo-TSV-Moers-V01-RGB-300.png","contentUrl":"https:\/\/tierheim-moers.de\/Wordpress\/wp-content\/uploads\/2014\/04\/Logo-TSV-Moers-V01-RGB-300.png","width":1052,"height":1038,"caption":"Tierheim Moers"},"image":{"@id":"https:\/\/tierheim-moers.de\/Wordpress\/#\/schema\/logo\/image\/"},"sameAs":["https:\/\/de-de.facebook.com\/moers.tierheim"]}]}},"_links":{"self":[{"href":"https:\/\/tierheim-moers.de\/Wordpress\/wp-json\/wp\/v2\/pages\/44","targetHints":{"allow":["GET"]}}],"collection":[{"href":"https:\/\/tierheim-moers.de\/Wordpress\/wp-json\/wp\/v2\/pages"}],"about":[{"href":"https:\/\/tierheim-moers.de\/Wordpress\/wp-json\/wp\/v2\/types\/page"}],"author":[{"embeddable":true,"href":"https:\/\/tierheim-moers.de\/Wordpress\/wp-json\/wp\/v2\/users\/2"}],"replies":[{"embeddable":true,"href":"https:\/\/tierheim-moers.de\/Wordpress\/wp-json\/wp\/v2\/comments?post=44"}],"version-history":[{"count":14,"href":"https:\/\/tierheim-moers.de\/Wordpress\/wp-json\/wp\/v2\/pages\/44\/revisions"}],"predecessor-version":[{"id":52162,"href":"https:\/\/tierheim-moers.de\/Wordpress\/wp-json\/wp\/v2\/pages\/44\/revisions\/52162"}],"wp:attachment":[{"href":"https:\/\/tierheim-moers.de\/Wordpress\/wp-json\/wp\/v2\/media?parent=44"}],"curies":[{"name":"wp","href":"https:\/\/api.w.org\/{rel}","templated":true}]}}